REPLACE INTO `rvs_category` (`rvs_category_id`, `category_name`, `category_sh_name`) VALUES ('11', 'Home and Garden', 'hg');
REPLACE INTO `rvs_charset` (`charset_id`, `charset_name`, `charset_value`, `xml_lang`) VALUES ('17', 'english', 'iso-8859-15', 'en');
REPLACE INTO `rvs_color` (`color_id`, `color_name`, `color_code`) VALUES ('28', 'Darkgreen', '006400');
REPLACE INTO `rvs_color_group` (`color_group_id`, `color_id`) VALUES ('4', '28');
REPLACE INTO `rvs_color_group_name` (`color_group_id`, `default_color_id`) VALUES ('4', '28');
REPLACE INTO `rvs_font` (`font_id`, `font_name`) VALUES ('12', 'Verdana');
REPLACE INTO `rvs_layout_template` (`layout_template_id`, `layout_template_name`, `layout_template_data`, `layout_template_desc`, `layout_template_preview`, `layout_template_head`, `layout_group_id`) VALUES ('76744efe430f0cfc01a4c34d3c93fcd5', 'General style 19', '<!-- ####### LAYOUT CSS: MODIFY COLOR, FONT AND BOX SIZE HERE BUT DO NOT DELETE. ####### -->\r\n\r\n<style type=\"text/css\">\r\n\r\n.type19bulletpad{\r\n		padding:8px 4px 0px 4px;\r\n		text-align:center;	\r\n}\r\n.type19head01{  \r\n		font-size:110%;\r\n		color:#8F7F63;\r\n		font-weight:bold;\r\n		padding:7px 3px 10px 3px;	\r\n}\r\n.type19head02{  \r\n		font-size:110%;\r\n		color:#8F7F63;\r\n		font-weight:bold;\r\n		text-decoration:underline;\r\n		padding:0px 3px 7px 3px;\r\n}\r\n.type19line{\r\n		background-image:url(images/line.gif); \r\n		background-position: bottom; \r\n		background-repeat:repeat-x;\r\n		padding:5px 0px 10px 0px;\r\n		\r\n}\r\n.type19ex_t{background-image:url(images/ex_t.gif);\r\n}\r\n.type19ex_b{background-image:url(images/ex_b.gif);\r\n}\r\n.type19ex_l{background-image:url(images/ex_l.gif);\r\n}\r\n.type19ex_r{background-image:url(images/ex_r.gif);\r\n}\r\n.type19ex{background-color:#F0EDE2;\r\n}\r\n.type19bold{\r\n	font-weight:bold;\r\n	color:#717171;\r\n}\r\n.type19txtbody{color:#717171;}\r\n</style>\r\n<!-- ########################### END CSS LAYOUT ###########################  -->\r\n<table cellpadding=\"2\" cellspacing=\"0\">\r\n		<tr>\r\n			<td align=\"left\" valign=\"top\">\r\n				<table cellpadding=\"0\" cellspacing=\"0\" width=\"100%\">\r\n					<tr>\r\n						<td align=\"left\" valign=\"top\">\r\n							<table cellpadding=\"0\" cellspacing=\"0\" width=\"100%\" class=\"type19ex\">\r\n								<tr>\r\n									<td align=\"left\" valign=\"top\"><img src=\"images/corner01.gif\" alt=\"\" width=\"8\" height=\"8\" /></td>\r\n									<td class=\"type19ex\"></td>\r\n									<td align=\"right\" valign=\"top\"><img src=\"images/corner02.gif\" alt=\"\" width=\"9\" height=\"8\" /></td>\r\n								</tr>\r\n								<tr>\r\n									<td class=\"type19ex\"></td>\r\n									<td align=\"left\" valign=\"top\">\r\n										<table cellpadding=\"0\" cellspacing=\"0\" width=\"100%\">\r\n											<tr>\r\n											  <td class=\"type19head01\">Lorem ipsum</td>\r\n											</tr>\r\n											<tr>\r\n											  <td align=\"left\" valign=\"top\" class=\"type19txtbody\">Lorem ipsum dolor sit amet, consetetur sadipscing elitr, sed diam nonumy eirmod tempor invidunt ut labore et dolore magna aliquyam erat, sed diam voluptua.</td>\r\n											</tr>\r\n											<tr>\r\n											  <td class=\"type19head01\">Lorem ipsum</td>\r\n											</tr>\r\n											<tr>\r\n											  <td align=\"left\" valign=\"top\" class=\"type19txtbody\">Lorem ipsum dolor sit amet, consetetur sadipscing elitr, sed diam nonumy eirmod tempor invidunt ut labore et dolore magna aliquyam erat, sed diam voluptua.</td>\r\n											</tr>\r\n											<tr>\r\n											  <td class=\"type19head01\">Lorem ipsum</td>\r\n											</tr>\r\n											<tr>\r\n											  <td align=\"left\" valign=\"top\" class=\"type19txtbody\">Lorem ipsum dolor sit amet, consetetur sadipscing elitr, sed diam nonumy eirmod tempor invidunt ut labore et dolore magna aliquyam erat, sed diam voluptua.</td>\r\n											</tr>\r\n											<tr>\r\n											  <td class=\"type19head01\">Lorem ipsum</td>\r\n											</tr>\r\n											<tr>\r\n											  <td align=\"left\" valign=\"top\" class=\"type19txtbody\">Lorem ipsum dolor sit amet, consetetur sadipscing elitr, sed diam nonumy eirmod tempor invidunt ut labore et dolore magna aliquyam erat, sed diam voluptua.</td>\r\n											</tr>\r\n											<tr>\r\n											  <td class=\"type19head01\">Lorem ipsum</td>\r\n											</tr>\r\n											<tr>\r\n											  <td align=\"left\" valign=\"top\" class=\"type19txtbody\">Lorem ipsum dolor sit amet, consetetur sadipscing elitr.</td>\r\n											</tr>\r\n										</table>\r\n									</td>\r\n									<td class=\"type19ex\"></td>\r\n								</tr>\r\n								<tr>\r\n									<td align=\"left\" valign=\"bottom\"><img src=\"images/corner03.gif\" alt=\"\" width=\"8\" height=\"8\" /></td>\r\n									<td class=\"type19ex\"></td>\r\n									<td align=\"right\" valign=\"bottom\"><img src=\"images/corner04.gif\" alt=\"\" width=\"8\" height=\"8\" /></td>\r\n								</tr>\r\n							</table>\r\n						</td>\r\n					</tr>\r\n				</table>\r\n			</td>\r\n			<td width=\"250\" align=\"left\" valign=\"top\">\r\n				<table cellpadding=\"0\" cellspacing=\"0\" width=\"100%\">\r\n					<tr>\r\n						<td align=\"left\" valign=\"top\">\r\n							<table cellpadding=\"0\" cellspacing=\"0\" width=\"100%\" class=\"type19ex\">\r\n								<tr>\r\n									<td align=\"left\" valign=\"top\"><img src=\"images/corner01.gif\" alt=\"\" width=\"8\" height=\"8\" /></td>\r\n									<td class=\"type19ex\" width=\"99%\"></td>\r\n									<td align=\"right\" valign=\"top\"><img src=\"images/corner02.gif\" alt=\"\" width=\"9\" height=\"8\" /></td>\r\n								</tr>\r\n								<tr>\r\n									<td class=\"type19ex\"></td>\r\n									<td align=\"left\" valign=\"top\">\r\n										<table cellpadding=\"0\" cellspacing=\"0\" width=\"100%\">\r\n											<tr>\r\n											  	<td class=\"type19head02\" colspan=\"2\"> Lorem ipsum</td>\r\n											</tr>\r\n											<tr>\r\n											  	<td class=\"type19bulletpad\" valign=\"top\"><img src=\"images/bullet.gif\" alt=\"\" width=\"11\" height=\"11\" /></td>\r\n											  	<td align=\"left\" valign=\"top\" class=\"type19line\">\r\n											  	<div class=\"type19bold\">Lorem ipsum</div> \r\n											    <div class=\"type19txtbody\">dolor sit amet, consetetur sadipscing elitr</div>\r\n												</td>\r\n											</tr>\r\n											<tr>\r\n											  	<td class=\"type19bulletpad\" valign=\"top\"><img src=\"images/bullet.gif\" alt=\"\" width=\"11\" height=\"11\" /></td>\r\n											  	<td align=\"left\" valign=\"top\" class=\"type19line\">\r\n											  	<div class=\"type19bold\">Lorem ipsum</div> \r\n											    <div class=\"type19txtbody\">dolor sit amet, consetetur sadipscing elitr</div>\r\n												</td>\r\n											</tr>\r\n										</table>\r\n									</td>\r\n									<td class=\"type19ex\"></td>\r\n								</tr>\r\n								<tr>\r\n									<td align=\"left\" valign=\"bottom\"><img src=\"images/corner03.gif\" alt=\"\" width=\"8\" height=\"8\" /></td>\r\n									<td class=\"type19ex\"></td>\r\n									<td align=\"right\" valign=\"bottom\"><img src=\"images/corner04.gif\" alt=\"\" width=\"8\" height=\"8\" /></td>\r\n								</tr>\r\n							</table>\r\n						</td>\r\n					</tr>\r\n					<tr><td height=\"5\"></td></tr>\r\n					<tr>\r\n						<td align=\"left\" valign=\"top\">\r\n							<table cellpadding=\"0\" cellspacing=\"0\" width=\"100%\" class=\"type19ex\">\r\n								<tr>\r\n									<td align=\"left\" valign=\"top\"><img src=\"images/corner01.gif\" alt=\"\" width=\"8\" height=\"8\" /></td>\r\n									<td class=\"type19ex\" width=\"99%\"></td>\r\n									<td align=\"right\" valign=\"top\"><img src=\"images/corner02.gif\" alt=\"\" width=\"9\" height=\"8\" /></td>\r\n								</tr>\r\n								<tr>\r\n									<td class=\"type19ex\"></td>\r\n									<td align=\"left\" valign=\"top\">\r\n										<table cellpadding=\"0\" cellspacing=\"0\" width=\"100%\">\r\n											<tr>\r\n											  	<td class=\"type19head02\" colspan=\"2\"> Lorem ipsum</td>\r\n											</tr>\r\n											<tr>\r\n											  	<td class=\"type19bulletpad\" valign=\"top\"><img src=\"images/bullet.gif\" alt=\"\" width=\"11\" height=\"11\" /></td>\r\n											  	<td align=\"left\" valign=\"top\" class=\"type19line\">\r\n											  	<div class=\"type19bold\">Lorem ipsum</div> \r\n											    <div class=\"type19txtbody\">dolor sit amet, consetetur sadipscing elitr</div>\r\n												</td>\r\n											</tr>\r\n											<tr>\r\n											  	<td class=\"type19bulletpad\" valign=\"top\"><img src=\"images/bullet.gif\" alt=\"\" width=\"11\" height=\"11\" /></td>\r\n											  	<td align=\"left\" valign=\"top\" class=\"type19line\">\r\n											  	<div class=\"type19bold\">Lorem ipsum</div> \r\n											    <div class=\"type19txtbody\">dolor sit amet, consetetur sadipscing elitr</div>\r\n												</td>\r\n											</tr>\r\n										</table>\r\n									</td>\r\n									<td class=\"type19ex\"></td>\r\n								</tr>\r\n								<tr>\r\n									<td align=\"left\" valign=\"bottom\"><img src=\"images/corner03.gif\" alt=\"\" width=\"8\" height=\"8\" /></td>\r\n									<td class=\"type19ex\"></td>\r\n									<td align=\"right\" valign=\"bottom\"><img src=\"images/corner04.gif\" alt=\"\" width=\"8\" height=\"8\" /></td>\r\n								</tr>\r\n							</table>\r\n						</td>\r\n					</tr>\r\n				</table>\r\n			</td>\r\n		</tr>\r\n	</table>', '', 'b_layout19.jpg', '', '3');
REPLACE INTO `rvs_layout_group` (`layout_group_id`, `layout_group_name`, `layout_category_id`) VALUES ('3', 'general style', '1');
REPLACE INTO `rvs_navigator_name` (`navigator_name_id`, `navigator_name`) VALUES ('25', 'h_navigator_style1');
REPLACE INTO `rvs_navigator` (`navigator_id`, `menustyle_id`, `navigator_name_id`) VALUES ('293', '2', '29');
REPLACE INTO `rvs_project_page_out_seggestion` (`project_page_id`, `out_suggestion_id`) VALUES ('9f820c6db8dcc6525d735657b87548d7', '1');
REPLACE INTO `rvs_project_page_out_seggestion` (`project_page_id`, `out_suggestion_id`) VALUES ('eaa19fa5ef38c0753a8d5e001a50a831', '2');
REPLACE INTO `rvs_out_suggestion` (`out_suggestion_id`, `out_suggestion_name`, `description_keylang`) VALUES ('1', 'Home', 'our suggestion Home description');
REPLACE INTO `rvs_out_suggestion` (`out_suggestion_id`, `out_suggestion_name`, `description_keylang`) VALUES ('2', 'About us', 'our suggestion About us description');
REPLACE INTO `rvs_picture` (`picture_id`, `picture_name`) VALUES ('1516e8b9ed376dc3b8d93bebd90211ce', 'flowerGarden');
REPLACE INTO `rvs_project` (`project_id`, `project_info_id`, `rvs_usr_id`, `project_name`, `project_directory`, `utf8format`, `project_footer`) VALUES ('48e58be4d2bf074768cb4c0566ef1d03', 'bddc295086f4039aa4499a62a9aaa6af', 'd759b0c3e95568576c984793f8c56fe5', 'Fire & DAK', '', '1', NULL);
REPLACE INTO `rvs_project_info` (`project_info_id`, `template_item_id`, `font_id`, `navigator_id`, `rvs_category_id`, `charset_id`, `project_company`, `project_slogan`, `project_logo`, `project_title`, `project_keyword`, `project_description`, `project_domain`, `check_step`, `effect_site_enter`, `duration_site_enter`, `last_update`, `layout_template_id`, `i_pathway`, `i_mail`, `i_print`, `i_favorite`, `no_slogan`, `no_company_name`, `navigator_name_id`, `is_member_page`) VALUES ('bddc295086f4039aa4499a62a9aaa6af', 'fbef0580e8e1f7f33fabea1088856db1', '12', 'a05ab86c9d32292febbf67155694064c', '11', '17', '<font face=\"null\" style=\"font-size: 24px\">Agder Utemiljø AS</font>', '', '', '', '', '', 'fdc.no', '5', NULL, NULL, '1457546595', '76744efe430f0cfc01a4c34d3c93fcd5', '1', '1', '1', '1', '0', '0', '25', '0');
REPLACE INTO `rvs_project_layout_page` (`project_id`, `project_page_id`, `parent_project_page_id`, `priority`, `is_home`) VALUES ('48e58be4d2bf074768cb4c0566ef1d03', '9f820c6db8dcc6525d735657b87548d7', '0', '1', '1');
REPLACE INTO `rvs_project_layout_page` (`project_id`, `project_page_id`, `parent_project_page_id`, `priority`, `is_home`) VALUES ('48e58be4d2bf074768cb4c0566ef1d03', 'eaa19fa5ef38c0753a8d5e001a50a831', '0', '2', '0');
REPLACE INTO `rvs_project_page_to_layout` (`project_page_id`, `project_id`, `layout_template_user_id`) VALUES ('9f820c6db8dcc6525d735657b87548d7', '48e58be4d2bf074768cb4c0566ef1d03', '14e4ed53ececc56e5cfc33d04f3e6a74');
REPLACE INTO `rvs_layout_template_user` (`layout_template_user_id`, `layout_name`, `layout_template_name`) VALUES ('14e4ed53ececc56e5cfc33d04f3e6a74', '4-8-4_0', 'Home');
REPLACE INTO `rvs_project_page_to_layout` (`project_page_id`, `project_id`, `layout_template_user_id`) VALUES ('eaa19fa5ef38c0753a8d5e001a50a831', '48e58be4d2bf074768cb4c0566ef1d03', '5d6df116d4281852fadef66ceab0028a');
REPLACE INTO `rvs_layout_template_user` (`layout_template_user_id`, `layout_name`, `layout_template_name`) VALUES ('5d6df116d4281852fadef66ceab0028a', '4-8-4_0', 'About us');
REPLACE INTO `rvs_project_page` (`project_page_id`, `rvs_usr_id`, `page_name`, `custom_page_name`, `rvs_component_id`, `page_data`, `page_data_zone_2`, `page_data_zone_3`, `page_data_zone_4`, `colume_width_1`, `colume_width_2`, `colume_width_3`, `rvs_layout_id`, `head`, `page_title`, `meta_keyword`, `meta_description`, `effect_page_enter`, `duration_page_enter`, `meta_page_effect`, `rvs_link_id`, `target`, `form_template_id`, `i_pathway`, `i_mail`, `i_print`, `i_favorite`, `last_modifier`, `link_active`, `page_type`, `blank_page`, `set_draft`, `is_member_page`) VALUES ('9f820c6db8dcc6525d735657b87548d7', 'd759b0c3e95568576c984793f8c56fe5', 'Hjem', '', '0', '<div class=\"RVWYSIWYGAREA\" style=\"display: block;\" defaultvalue=\"<h1><font face=&quot;Arial&quot; style=&quot;font-size: 10px;&quot;><a href=&quot;https://www.facebook.com/agderutemiljo/&quot; target=&quot;_self&quot;>https://www.facebook.com/agderutemiljo/</a><a href=&quot;https://www.facebook.com/agderutemiljo/&quot; target=&quot;_self&quot;></a>&amp;nbsp;</font></h1>\" designmode=\"off\"><h1><font face=\"Arial\" style=\"font-size: 10px;\"><a href=\"https://www.facebook.com/agderutemiljo/\" target=\"_self\">https://www.facebook.com/agderutemiljo/</a><a href=\"https://www.facebook.com/agderutemiljo/\" target=\"_self\"></a>&nbsp;</font></h1></div><div class=\"RVWYSIWYGAREA areaCustom\" id=\"editable_area_custom3d0621965aa65699bfaba36a13a47d54\" style=\"display: block;\" defaultvalue=\"<br>&amp;nbsp;\" data-ph=\"Editable Area. \'Backspace\' tab to remove this block.\" designmode=\"off\"><br>&nbsp;</div><div class=\"clear\"></div>', '<div class=\"RVWYSIWYGAREA\" style=\"display: block;\" defaultvalue=\"&amp;nbsp;<div style=&quot;width:460px;height:301px;&quot; class=&quot;fbCommentsBlock&quot; id=&quot;fbcomment_474de68b87f5a158b964ea5f1e7d8009&quot; data-pageid=&quot;9f820c6db8dcc6525d735657b87548d7&quot;><div class=&quot;fb-comments fb_iframe_widget_loader fb_iframe_widget&quot; data-colorscheme=&quot;light&quot; data-width=&quot;470&quot; data-num-posts=&quot;2&quot; data-href=&quot;http://example.com&quot; fb-xfbml-state=&quot;parsed&quot;><span style=&quot;width: 470px; height: 100px;&quot;><iframe name=&quot;f1b7bee389f77c5&quot; title=&quot;Facebook Social Plugin&quot; class=&quot;fb_ltr&quot; id=&quot;f2f1b987a801e3&quot; src=&quot;https://www.facebook.com/plugins/comments.php?api_key=&amp;amp;channel_url=https%3A%2F%2Fstaticxx.facebook.com%2Fconnect%2Fxd_arbiter.php%3Fversion%3D42%23cb%3Df15249904b1d593%26domain%3Dcpanel.netbox.no%26origin%3Dhttps%253A%252F%252Fcpanel.netbox.no%253A2083%252Ff3602892550a4fc%26relation%3Dparent.parent&amp;amp;colorscheme=light&amp;amp;href=http%3A%2F%2Fexample.com&amp;amp;locale=en_US&amp;amp;numposts=2&amp;amp;sdk=joey&amp;amp;skin=light&amp;amp;width=470&quot; scrolling=&quot;no&quot; style=&quot;border: currentColor; border-image: none; width: 460px; height: 600px; overflow: hidden; visibility: visible;&quot;></iframe></span></div></div>\" designmode=\"off\">&nbsp;<img alt=\"facebook comment\" id=\"fbcomment_474de68b87f5a158b964ea5f1e7d8009\" name=\"fbcomment_474de68b87f5a158b964ea5f1e7d8009\" class=\"fbComment fb_comment_light\" width=\"100%\" height=\"102\" data=\"PGRpdiBjbGFzcz0iZmItY29tbWVudHMgZmJfaWZyYW1lX3dpZGdldF9sb2FkZXIgZmJfaWZyYW1lX3dpZGdldCIgZGF0YS1jb2xvcnNjaGVtZT0ibGlnaHQiIGRhdGEtd2lkdGg9IjQ3MCIgZGF0YS1udW0tcG9zdHM9IjIiIGRhdGEtaHJlZj0iaHR0cDovL2V4YW1wbGUuY29tIiBmYi14ZmJtbC1zdGF0ZT0icGFyc2VkIj48c3BhbiBzdHlsZT0id2lkdGg6IDQ3MHB4OyBoZWlnaHQ6IDEwMHB4OyI+PGlmcmFtZSBuYW1lPSJmMWI3YmVlMzg5Zjc3YzUiIHRpdGxlPSJGYWNlYm9vayBTb2NpYWwgUGx1Z2luIiBjbGFzcz0iZmJfbHRyIiBpZD0iZjJmMWI5ODdhODAxZTMiIHNyYz0iaHR0cHM6Ly93d3cuZmFjZWJvb2suY29tL3BsdWdpbnMvY29tbWVudHMucGhwP2FwaV9rZXk9JmFtcDtjaGFubmVsX3VybD1odHRwcyUzQSUyRiUyRnN0YXRpY3h4LmZhY2Vib29rLmNvbSUyRmNvbm5lY3QlMkZ4ZF9hcmJpdGVyLnBocCUzRnZlcnNpb24lM0Q0MiUyM2NiJTNEZjE1MjQ5OTA0YjFkNTkzJTI2ZG9tYWluJTNEY3BhbmVsLm5ldGJveC5ubyUyNm9yaWdpbiUzRGh0dHBzJTI1M0ElMjUyRiUyNTJGY3BhbmVsLm5ldGJveC5ubyUyNTNBMjA4MyUyNTJGZjM2MDI4OTI1NTBhNGZjJTI2cmVsYXRpb24lM0RwYXJlbnQucGFyZW50JmFtcDtjb2xvcnNjaGVtZT1saWdodCZhbXA7aHJlZj1odHRwJTNBJTJGJTJGZXhhbXBsZS5jb20mYW1wO2xvY2FsZT1lbl9VUyZhbXA7bnVtcG9zdHM9MiZhbXA7c2RrPWpvZXkmYW1wO3NraW49bGlnaHQmYW1wO3dpZHRoPTQ3MCIgc2Nyb2xsaW5nPSJubyIgc3R5bGU9ImJvcmRlcjogY3VycmVudENvbG9yOyBib3JkZXItaW1hZ2U6IG5vbmU7IHdpZHRoOiA0NjBweDsgaGVpZ2h0OiA2MDBweDsgb3ZlcmZsb3c6IGhpZGRlbjsgdmlzaWJpbGl0eTogdmlzaWJsZTsiPjwvaWZyYW1lPjwvc3Bhbj48L2Rpdj4=\" data-pageid=\"9f820c6db8dcc6525d735657b87548d7\" data-num-posts=\"2\" data-width=\"470\" data-colorscheme=\"light\" src=\"https://cpanel.netbox.no:2083/cpsess5738676499/3rdparty/rvsitebuilder/rvwysiwyg/theme/default/images/spacer.gif\"></div>', '<div class=\"RVWYSIWYGAREA\" style=\"display: block;\" defaultvalue=\"&amp;nbsp;\" designmode=\"off\">&nbsp;</div>', NULL, NULL, NULL, NULL, '0', NULL, NULL, NULL, NULL, NULL, NULL, NULL, '', '', '', NULL, NULL, NULL, NULL, '1457547418', NULL, NULL, '0', '0', '0');
REPLACE INTO `rvs_project_page` (`project_page_id`, `rvs_usr_id`, `page_name`, `custom_page_name`, `rvs_component_id`, `page_data`, `page_data_zone_2`, `page_data_zone_3`, `page_data_zone_4`, `colume_width_1`, `colume_width_2`, `colume_width_3`, `rvs_layout_id`, `head`, `page_title`, `meta_keyword`, `meta_description`, `effect_page_enter`, `duration_page_enter`, `meta_page_effect`, `rvs_link_id`, `target`, `form_template_id`, `i_pathway`, `i_mail`, `i_print`, `i_favorite`, `last_modifier`, `link_active`, `page_type`, `blank_page`, `set_draft`, `is_member_page`) VALUES ('eaa19fa5ef38c0753a8d5e001a50a831', 'd759b0c3e95568576c984793f8c56fe5', 'Litt om oss', '', '0', '<div class=\"RVWYSIWYGAREA\" defaultvalue=\"\">Ansatte:&nbsp;</div>', '<div class=\"RVWYSIWYGAREA\" defaultvalue=\"\">&nbsp;Bilder:</div>', '<div class=\"RVWYSIWYGAREA\" defaultvalue=\"\">&nbsp;</div>', NULL, NULL, NULL, NULL, '0', NULL, NULL, NULL, NULL, NULL, NULL, NULL, '', '', '', NULL, NULL, NULL, NULL, '1457547457', NULL, NULL, '0', '0', '0');
REPLACE INTO `rvs_publish` (`project_id`, `rvs_publish_protocal`, `rvs_publish_domain`, `rvs_publish_path`, `rvs_domain_path`) VALUES ('48e58be4d2bf074768cb4c0566ef1d03', 'http', 'fdc.no', '', '/home/fdcno/public_html');
REPLACE INTO `rvs_template_item` (`template_item_id`, `products_id`, `template_id`, `template_item_folder`, `template_type_s_preview`, `color_id`, `picture_id`) VALUES ('fbef0580e8e1f7f33fabea1088856db1', '11-923-1', 'fbef0580e8e1f7f33fabea1088856db1', 'pro_11-923-1_darkgreen_flowerGarden_2', 'jpg', '28', '1516e8b9ed376dc3b8d93bebd90211ce');
REPLACE INTO `rvs_template_item_navigator_color` (`template_item_id`, `custom_color_group_id`) VALUES ('fbef0580e8e1f7f33fabea1088856db1', '0');
REPLACE INTO `rvs_template` (`template_id`, `default_template_item_id`, `default_template_item_id2`, `font_id`, `menustyle_id`, `navigator_id`, `default_layout_id`, `sort_priority`, `cdate`) VALUES ('fbef0580e8e1f7f33fabea1088856db1', 'fbef0580e8e1f7f33fabea1088856db1', '', '12', '2', '293', '', '200', '1419181200');
REPLACE INTO `rvs_menustyle` (`menustyle_id`, `menustyle_description`) VALUES ('2', 'horizontal');
REPLACE INTO `rvs_template_categories_xref` (`template_id`, `rvs_category_id`) VALUES ('fbef0580e8e1f7f33fabea1088856db1', '11');
REPLACE INTO `rvs_template_type_xref` (`template_id`, `template_type_id`) VALUES ('fbef0580e8e1f7f33fabea1088856db1', '6');
REPLACE INTO `rvs_template_type` (`template_type_id`, `template_type_name`) VALUES ('6', 'Clean');
REPLACE INTO `rvs_usr` (`rvs_usr_id`, `user_name`, `charset_id`) VALUES ('d759b0c3e95568576c984793f8c56fe5', 'fdcno', '0');
